 and 12402?
234
What is the highest common divisor of 28 and 627098?
2
Calculate the highest common divisor of 1712 and 354598.
214
What is the greatest common factor of 9465 and 33510?
15
What is the highest common factor of 112978467 and 98?
49
Calculate the greatest common factor of 821752464 and 310.
62
What is the highest common factor of 6224939 and 3745?
749
What is the highest common divisor of 30000306 and 1158?
1158
What is the greatest common factor of 6179 and 144152?
37
Calculate the highest common divisor of 95410740 and 12645.
4215
Calculate the highest common divisor of 17372 and 218752567.
4343
What is the greatest common factor of 235976 and 2236?
52
What is the highest common divisor of 1178 and 3124738?
62
What is the highest common factor of 4104952 and 62264?
344
Calculate the greatest common divisor of 1224005 and 159155.
1145
Calculate the greatest common factor of 31351 and 312631.
293
Calculate the highest common divisor of 365433 and 176628.
123
Calculate the highest common divisor of 22101 and 1410.
3
Calculate the highest common divisor of 356652 and 3564.
36
Calculate the highest common divisor of 7125 and 1862625.
375
What is the greatest common divisor of 12901017 and 4314?
2157
What is the greatest common factor of 693893 and 2924596?
4657
Calculate the highest common factor of 1015 and 232623993.
203
What is the greatest common factor of 19361616 and 1074816?
14928
Calculate the greatest common divisor of 92940 and 13800.
60
What is the greatest common divisor of 722688514 and 105968?
13246
Calculate the highest common divisor of 36814 and 19106.
466
What is the greatest common factor of 270 and 18020430?
90
Calculate the highest common divisor of 760341345 and 3501.
1167
Calculate the highest common divisor of 11 and 305524043.
11
What is the greatest common factor of 4757 and 106003?
71
What is the greatest common divisor of 40455 and 123234920?
4495
What is the highest common divisor of 1703442 and 338?
26
Calculate the greatest common factor of 14289446 and 12272.
118
Calculate the highest common divisor of 551044 and 39468.
52
What is the highest common factor of 69975445 and 55?
5
What is the highest common factor of 303520 and 38820?
20
Calculate the highest common divisor of 65420 and 185.
5
Calculate the greatest common factor of 21464672 and 2360.
472
What is the greatest common divisor of 893 and 2788972?
19
What is the greatest common factor of 10138000 and 111?
37
Calculate the highest common divisor of 17142916 and 2768.
692
Calculate the highest common factor of 2490983 and 2486.
11
Calculate the greatest common divisor of 214406346 and 748.
374
Calculate the highest common divisor of 325767 and 273.
39
What is the highest common factor of 437 and 5676929?
23
Calculate the greatest common divisor of 865276 and 20.
4
What is the highest common divisor of 4441338 and 9990?
54
Calculate the highest common divisor of 9612 and 602340786.
4806
Calculate the greatest common divisor of 836 and 2639692.
44
What is the highest common divisor of 9415 and 5412280?
1345
What is the highest common factor of 1323413 and 1547?
91
What is the greatest common divisor of 7785780 and 120?
60
What is the greatest common divisor of 11487 and 115241413?
3829
Calculate the highest common divisor of 2096 and 359988.
524
Calculate the highest common divisor of 3191708 and 988.
52
Calculate the highest common factor of 112794 and 702174.
66
Calculate the greatest common divisor of 523900 and 31775.
775
What is the greatest common factor of 135211990 and 61?
61
Calculate the highest common divisor of 795 and 28657365.
795
What is the greatest common factor of 297588958 and 318?
106
What is the greatest common factor of 2900271 and 330?
33
What is the greatest common factor of 101 and 339966?
101
Calculate the highest common factor of 89367276 and 768.
12
Calculate the greatest common divisor of 32689 and 112229.
97
What is the highest common factor of 1659764 and 36?
4
Calculate the greatest common factor of 4358 and 3925093712.
4358
Calculate the highest common factor of 3566980 and 100.
20
Calculate the greatest common factor of 1253572 and 11455.
79
Calculate the highest common divisor of 88 and 6949576.
8
What is the greatest common divisor of 7954 and 1370222?
194
What is the greatest common divisor of 340502 and 735965?
61
What is the greatest common divisor of 148176046 and 1258?
1258
What is the highest common factor of 28639 and 4251790?
2203
What is the greatest common divisor of 28410 and 26398572?
5682
Calculate the greatest common factor of 1206 and 4512383.
67
What is the greatest common divisor of 19748283 and 391?
23
Calculate the highest common divisor of 6468 and 4608692.
44
Calculate the greatest common divisor of 15000660 and 5940.
540
Calculate the greatest common factor of 1731 and 109.
1
What is the highest common divisor of 143409756 and 64?
4
Calculate the greatest common factor of 27911 and 313196.
247
What is the highest common divisor of 15835709 and 2234?
1117
What is the greatest common divisor of 5 and 129967?
1
Calculate the greatest common divisor of 59645940 and 12540.
1140
Calculate the greatest common factor of 80505816 and 120.
24
Calculate the highest common divisor of 107236 and 30780.
76
What is the greatest common factor of 4447832 and 5290?
1058
Calculate the greatest common divisor of 54356 and 7062.
214
Calculate the greatest common factor of 6714164 and 490292.
4052
Calculate the greatest common factor of 705210 and 240790.
110
What is the greatest common factor of 32 and 37195336?
8
Calculate the greatest common divisor of 18 and 141578.
2
What is the greatest common divisor of 1970256 and 18576?
48
Calculate the highest common divisor of 14 and 1417490452.
14
Calculate the greatest common factor of 10790094 and 10976.
686
Calculate the highest common divisor of 5330 and 2061670.
130
What is the greatest common divisor of 800 and 482543200?
800
What is the highest common factor of 17660533 and 3014?
1507
What is the highest common factor of 4081 and 65614?
53
What is the highest common factor of 2151056277 and 27?
27
Calculate the highest common factor of 210944762 and 707.
707
What is the greatest common factor of 249417 and 1177?
107
What is the highest common divisor of 16470 and 54090?
90
Calculate the greatest common divisor of 243326288 and 20.
4
What is the greatest common factor of 303455 and 27400?
685
Calculate the highest common divisor of 146425123 and 26.
13
What is the highest common factor of 147924584 and 8?
8
What is the highest common factor of 765 and 5017890?
255
Calculate the greatest common factor of 8945 and 5390257.
1789
What is the highest common factor of 160857934 and 2746?
2746
What is the highest common factor of 1645 and 892430?
35
What is the greatest common divisor of 124506 and 20342897?
6917
Calculate the greatest common divisor of 3311 and 235411.
11
Calculate the highest common divisor of 435536 and 24776.
1304
Calculate the highest common factor of 45713569 and 55.
11
Calculate the greatest common divisor of 283414572 and 3.
3
What is the highest common factor of 22061 and 53027?
13
What is the highest common factor of 4932636 and 17228?
236
Calculate the highest common factor of 22187916 and 348.
12
What is the greatest common factor of 36 and 14042436?
12
What is the greatest common divisor of 12535469 and 769?
769
Calculate the highest common factor of 8957 and 6563149.
53
What is the highest common factor of 45 and 3407475?
15
Calculate the greatest common divisor of 116173278 and 36.
18
Calculate the highest common factor of 692537 and 250.
1
Calculate the greatest common factor of 1063809 and 6.
3
Calculate the highest common divisor of 17182 and 198232.
142
Calculate the greatest common divisor of 673496 and 3828.
116
Calculate the highest common factor of 9369004 and 2852.
92
What is the highest common divisor of 222 and 96852?
6
What is the greatest common divisor of 31334391 and 23463?
297
Calculate the greatest common factor of 39158 and 178682.
14
Calculate the highest common divisor of 24984 and 38522552.
2776
Calculate the greatest common factor of 962474836 and 244.
244
What is the highest common factor of 214708900 and 3